mainder when 638 is divided by 34?
26
Calculate the remainder when 956 is divided by 26.
20
What is the remainder when 1812 is divided by 37?
36
Calculate the remainder when 457 is divided by 120.
97
Calculate the remainder when 164 is divided by 44.
32
What is the remainder when 532 is divided by 262?
8
Calculate the remainder when 221 is divided by 11.
1
What is the remainder when 1469 is divided by 32?
29
Calculate the remainder when 150 is divided by 68.
14
Calculate the remainder when 742 is divided by 62.
60
Calculate the remainder when 123 is divided by 87.
36
Calculate the remainder when 98 is divided by 25.
23
What is the remainder when 1683 is divided by 83?
23
Calculate the remainder when 280 is divided by 10.
0
Calculate the remainder when 546 is divided by 50.
46
What is the remainder when 233 is divided by 139?
94
What is the remainder when 582 is divided by 49?
43
Calculate the remainder when 154 is divided by 53.
48
Calculate the remainder when 82 is divided by 17.
14
Calculate the remainder when 463 is divided by 248.
215
Calculate the remainder when 261 is divided by 19.
14
Calculate the remainder when 302 is divided by 46.
26
Calculate the remainder when 86 is divided by 13.
8
What is the remainder when 135 is divided by 97?
38
Calculate the remainder when 76 is divided by 38.
0
What is the remainder when 61 is divided by 17?
10
Calculate the remainder when 1206 is divided by 25.
6
Calculate the remainder when 579 is divided by 20.
19
Calculate the remainder when 1138 is divided by 96.
82
What is the remainder when 58 is divided by 10?
8
Calculate the remainder when 4237 is divided by 13.
12
What is the remainder when 54 is divided by 29?
25
Calculate the remainder when 4799 is divided by 1595.
14
Calculate the remainder when 844 is divided by 53.
49
What is the remainder when 365 is divided by 16?
13
What is the remainder when 454 is divided by 7?
6
Calculate the remainder when 169 is divided by 49.
22
What is the remainder when 135 is divided by 43?
6
Calculate the remainder when 157 is divided by 80.
77
What is the remainder when 419 is divided by 94?
43
What is the remainder when 76 is divided by 54?
22
Calculate the remainder when 5217 is divided by 290.
287
What is the remainder when 82 is divided by 37?
8
What is the remainder when 20 is divided by 7?
6
What is the remainder when 56 is divided by 33?
23
Calculate the remainder when 735 is divided by 123.
120
What is the remainder when 378 is divided by 105?
63
What is the remainder when 28 is divided by 27?
1
Calculate the remainder when 3146 is divided by 10.
6
What is the remainder when 2047 is divided by 18?
13
Calculate the remainder when 92 is divided by 29.
5
What is the remainder when 518 is divided by 15?
8
What is the remainder when 276 is divided by 26?
16
Calculate the remainder when 393 is divided by 61.
27
Calculate the remainder when 2925 is divided by 16.
13
What is the remainder when 188 is divided by 52?
32
What is the remainder when 526 is divided by 24?
22
What is the remainder when 439 is divided by 90?
79
What is the remainder when 2115 is divided by 92?
91
What is the remainder when 252 is divided by 86?
80
Calculate the remainder when 2642 is divided by 42.
38
What is the remainder when 101 is divided by 80?
21
What is the remainder when 1351 is divided by 112?
7
What is the remainder when 376 is divided by 20?
16
Calculate the remainder when 268 is divided by 79.
31
What is the remainder when 741 is divided by 62?
59
What is the remainder when 1173 is divided by 391?
0
Calculate the remainder when 1183 is divided by 35.
28
What is the remainder when 1151 is divided by 32?
31
Calculate the remainder when 479 is divided by 139.
62
Calculate the remainder when 2128 is divided by 71.
69
Calculate the remainder when 10525 is divided by 112.
109
Calculate the remainder when 4 is divided by 1.
0
What is the remainder when 79 is divided by 39?
1
What is the remainder when 1564 is divided by 521?
1
What is the remainder when 1814 is divided by 3?
2
What is the remainder when 401 is divided by 13?
11
What is the remainder when 62 is divided by 21?
20
What is the remainder when 492 is divided by 160?
12
Calculate the remainder when 193 is divided by 40.
33
Calculate the remainder when 1071 is divided by 13.
5
What is the remainder when 3124 is divided by 778?
12
Calculate the remainder when 26 is divided by 1.
0
Calculate the remainder when 758 is divided by 137.
73
What is the remainder when 243 is divided by 126?
117
Calculate the remainder when 1752 is divided by 27.
24
Calculate the remainder when 104 is divided by 54.
50
What is the remainder when 100 is divided by 56?
44
What is the remainder when 801 is divided by 255?
36
What is the remainder when 178 is divided by 26?
22
Calculate the remainder when 864 is divided by 58.
52
What is the remainder when 236 is divided by 5?
1
Calculate the remainder when 78 is divided by 20.
18
What is the remainder when 348 is divided by 176?
172
Calculate the remainder when 218 is divided by 13.
10
Calculate the remainder when 65 is divided by 38.
27
What is the remainder when 276 is divided by 139?
137
Calculate the remainder when 665 is divided by 7.
0
What is the remainder when 344 is divided by 126?
92
What is the remainder when 204 is divided by 41?
40
Calculate the remainder when 2919 is divided by 10.
9
Calculate the remainder when 2260 is divided by 749.
13
What is the remainder when 152 is divided by 21?
5
Calculate the remainder when 1534 is divided by 70.
64
Calculate the remainder when 239 is divided by 81.
77
Calculate the remainder when 303 is divided by 38.
37
What is the remainder when 94 is divided by 42?
10
Calculate the remainder when 1257 is divided by 52.
9
What is the remainder when 313 is divided by 107?
99
What is the remainder when 349 is divided by 4?
1
Calculate the remainder when 702 is divided by 37.
36
What is the remainder when 61 is divided by 17?
10
Calculate the remainder when 2883 is divided by 56.
27
What is the remainder when 118 is divided by 40?
38
What is the remainder when 691 is divided by 58?
53
What is the remainder when 5595 is divided by 29?
27
What is the remainder when 239 is divided by 154?
85
What is the remainder when 873 is divided by 96?
9
Calculate the remainder when 211 is divided by 106.
105
Calculate the remainder when 442 is divided by 56.
50
Calculate the remainder when 4965 is divided by 24.
21
Calculate the remainder when 170 is divided by 38.
18
What is the remainder when 714 is divided by 368?
346
What is the remainder when 2206 is divided by 34?
30
Calculate the remainder when 379 is divided by 64.
59
What is the remainder when 961 is divided by 106?
7
What is the remainder when 268 is divided by 45?
43
What is the remainder when 466 is divided by 43?
36
Calculate the remainder when 40 is divided by 7.
5
What is the remainder when 1715 is divided by 291?
260
What is the remainder when 125 is divided by 67?
58
Calculate the remainder when 1085 is divided by 32.
29
What is the remainder when 147 is divided by 34?
11
What is the remainder when 22 is divided by 15?
7
What is the remainder when 149 is divided by 30?
29
Calculate the remainder when 90 is divided by 51.
39
Calculate the remainder when 157 is divided by 13.
1
Calculate the remainder when 319 is divided by 8.
7
What is the remainder when 529 is divided by 132?
1
What is the remainder when 16306 is divided by 12?
10
What is the remainder when 94 is divided by 39?
16
What is the remainder when 271 is divided by 37?
12
Calculate the remainder when 155 is divided by 107.
48
Calculate the remainder when 86 is divided by 31.
24
Calculate the remainder when 3752 is divided by 21.
14
What is the remainder when 357 is divided by 92?
81
What is the remainder when 60 is divided by 24?
12
Calculate the remainder when 427 is divided by 86.
83
What is the remainder when 1114 is divided by 240?
154
Calculate the remainder when 5087 is divided by 8.
7
What is the remainder when 161 is divided by 62?
37
Calculate the remainder when 763 is divided by 51.
49
What is the remainder when 4377 is divided by 10?
7
Calculate the remainder when 77 is divided by 13.
12
Calculate the remainder when 354 is divided by